{"id":8,"date":"2020-11-10T10:36:02","date_gmt":"2020-11-10T09:36:02","guid":{"rendered":"http:\/\/dev.kayakalo.fr\/?page_id=8"},"modified":"2026-04-28T14:13:58","modified_gmt":"2026-04-28T12:13:58","slug":"le-nouveau-e-mucem-ouvre-ses-portes-2","status":"publish","type":"page","link":"https:\/\/www.sauvetage.kayakalo.fr\/","title":{"rendered":"accueil"},"content":{"rendered":"\n<h5 class=\"wp-block-heading\"><em><span style=\"color:#00690c\" class=\"has-inline-color\">Documentaire \u00ab Cap Horn en kayak de mer &#8211; Hiver 95\/96 \u2026 30 ans apr\u00e8s \u00bb (1h11&prime;) : <\/span><\/em><br><em><span style=\"color:#00690c\" class=\"has-inline-color\"><em><span style=\"color:#00690c\" class=\"has-inline-color\">Cin\u00e9ma Le S\u00e9vign\u00e9, 43 rue du Muguet 35510 CESSON S\u00e9vign\u00e9 ( <a href=\"https:\/\/www.cinesevigne.fr\/\">https:\/\/www.cinesevigne.fr\/<\/a> ). Jeudi 14 mai (Ascension) \u00e0 20h30.<\/span><\/em>  <\/span><\/em><br><span style=\"color:#00690c\" class=\"has-inline-color\"><a href=\"https:\/\/www.sauvetage.kayakalo.fr\/index.php\/projection-docu-cap-horn\/\"><em>PLUS D&rsquo;INFOS<\/em><\/a><\/span><em><span style=\"color:#00690c\" class=\"has-inline-color\">.<\/span><\/em><\/h5>\n\n\n\n<h4 class=\"wp-block-heading\"><span style=\"color:#000fa3\" class=\"has-inline-color\"><a style=\"color:#000fa3; cursor: text\" href=\"http:\/\/dev.kayakalo.fr\/wp-admin\/about.php\">A<\/a> conna\u00eetre en priorit\u00e9 : r\u00e9cup\u00e9ration et remorquage<\/span><\/h4>\n\n\n\n<div class=\"wp-block-columns is-layout-flex wp-container-core-columns-is-layout-9d6595d7 wp-block-columns-is-layout-flex\">\n<div class=\"wp-block-column is-layout-flow wp-block-column-is-layout-flow\">\n<h5 class=\"wp-block-heading\"><span style=\"color:#575757\" class=\"has-inline-color\">R\u00e9cup\u00e9ration<\/span><\/h5>\n\n\n\n<figure class=\"wp-block-video\"><video controls src=\"https:\/\/www.sauvetage.kayakalo.fr\/wp-content\/uploads\/2021\/04\/recup-ext-crochet-du-pied_wordpress-2.mp4\"><\/video><figcaption class=\"wp-element-caption\"><sub>Kayak de mer : r\u00e9cup\u00e9ration (sauvetage.kayakalo.fr)<\/sub><\/figcaption><\/figure>\n\n\n\n<p>Il est essentiel de savoir comment faire une r\u00e9cup\u00e9ration et \u00eatre r\u00e9cup\u00e9r\u00e9. Une solution classique est propos\u00e9e ici, vous en trouverez d&rsquo;autres dans les exercices ci-dessous. <\/p>\n<\/div>\n\n\n\n<div class=\"wp-block-column is-layout-flow wp-block-column-is-layout-flow\">\n<h5 class=\"wp-block-heading\"><span style=\"color:#575757\" class=\"has-inline-color\">Remorquage<\/span><\/h5>\n\n\n\n<figure class=\"wp-block-video\"><video controls src=\"https:\/\/www.sauvetage.kayakalo.fr\/wp-content\/uploads\/2021\/04\/remorquage-wordpress-page-1.mp4\"><\/video><figcaption class=\"wp-element-caption\"><sub>Kayak de mer : remorquage (sauvetage.kayakalo.fr)<\/sub><\/figcaption><\/figure>\n\n\n\n<p>Remorquer ou \u00eatre remorqu\u00e9 sont des actions \u00e0 conna\u00eetre en priorit\u00e9. Une solution classique est propos\u00e9e ici, vous en trouverez d&rsquo;autres dans les exercices ci-dessous.<\/p>\n<\/div>\n<\/div>\n\n\n\n<h5 class=\"wp-block-heading\"><a href=\"https:\/\/www.sauvetage.kayakalo.fr\/wp-admin\/edit.php?post_type=page\"><\/a><a href=\"https:\/\/www.sauvetage.kayakalo.fr\/index.php\/avertissement\/\" data-type=\"URL\" data-id=\"https:\/\/www.sauvetage.kayakalo.fr\/index.php\/avertissement\/\"><span style=\"color:#ff6600\" class=\"has-inline-color\"><strong>Avertissement important (<\/strong><\/span><span style=\"color:#1e73be\" class=\"has-inline-color\"><strong>cliquer ici<\/strong><\/span><span style=\"color:#ff6600\" class=\"has-inline-color\"><strong>)<\/strong><\/span><\/a><\/h5>\n\n\n\n<p><\/p>\n\n\n\n<h5 class=\"wp-block-heading\"><a href=\"https:\/\/www.sauvetage.kayakalo.fr\/index.php\/a-voir\/\" data-type=\"URL\" data-id=\"https:\/\/www.sauvetage.kayakalo.fr\/index.php\/a-voir\/\"><span style=\"color:#1e73be\" class=\"has-inline-color\">1 &#8211; Pr\u00e9sentation &#8211; R\u00e9glementation &#8211; R\u00e9flexes \u00e0 avoir<\/span><\/a><\/h5>\n\n\n\n<h5 class=\"wp-block-heading\"><a href=\"https:\/\/www.sauvetage.kayakalo.fr\/index.php\/organisation-de-randos-en-kayak-de-mer\/\"><span style=\"color:#1e73be\" class=\"has-inline-color\">1a &#8211; Organisation de randos en kayak de mer<\/span><\/a><\/h5>\n\n\n\n<h5 class=\"wp-block-heading\"><a href=\"https:\/\/www.sauvetage.kayakalo.fr\/index.php\/2-recuperations\/\" data-type=\"URL\" data-id=\"https:\/\/www.sauvetage.kayakalo.fr\/index.php\/2-recuperations\/\"><span style=\"color:#1e73be\" class=\"has-inline-color\">2 &#8211; R\u00e9cup\u00e9rations<\/span><\/a><\/h5>\n\n\n\n<h5 class=\"wp-block-heading\"><a href=\"https:\/\/www.sauvetage.kayakalo.fr\/index.php\/3-remorquages\/\" data-type=\"URL\" data-id=\"https:\/\/www.sauvetage.kayakalo.fr\/index.php\/3-remorquages\/\"><span style=\"color:#1e73be\" class=\"has-inline-color\">3 &#8211; Remorquages<\/span><\/a><\/h5>\n\n\n\n<h5 class=\"wp-block-heading\"><strong><a href=\"https:\/\/www.sauvetage.kayakalo.fr\/index.php\/transport-dune-personne-par-2-kayakistes-pagayant\/\" data-type=\"URL\" data-id=\"https:\/\/www.sauvetage.kayakalo.fr\/index.php\/transport-dune-personne-par-2-kayakistes-pagayant\/\"><span style=\"color:#1e73be\" class=\"has-inline-color\">4 \u2013 Transport d\u2019un secouru par 2 kayakistes pagayant<\/span><\/a><\/strong><\/h5>\n\n\n\n<h5 class=\"wp-block-heading\"><a href=\"https:\/\/www.sauvetage.kayakalo.fr\/index.php\/5a-preparation-a-lesquimautage\/\"><span style=\"color:#1e73be\" class=\"has-inline-color\">5a &#8211; Pr\u00e9paration \u00e0 l&rsquo;esquimautage<\/span><\/a><\/h5>\n\n\n\n<h5 class=\"wp-block-heading\"><a href=\"https:\/\/www.sauvetage.kayakalo.fr\/index.php\/esquimautages\/\" data-type=\"URL\" data-id=\"https:\/\/www.sauvetage.kayakalo.fr\/index.php\/esquimautages\/\"><span style=\"color:#1e73be\" class=\"has-inline-color\">5b &#8211; Esquimautages<\/span><\/a><\/h5>\n\n\n\n<h5 class=\"wp-block-heading\"><strong><a href=\"https:\/\/www.sauvetage.kayakalo.fr\/index.php\/auto-recuperation\/\" data-type=\"URL\" data-id=\"https:\/\/www.sauvetage.kayakalo.fr\/index.php\/auto-recuperation\/\"><span style=\"color:#1e73be\" class=\"has-inline-color\">6 \u2013 Auto-r\u00e9cup\u00e9ration<\/span><\/a><\/strong><\/h5>\n\n\n\n<h5 class=\"wp-block-heading\"><a href=\"https:\/\/www.sauvetage.kayakalo.fr\/index.php\/7-deplacements-de-secours\/\"><span style=\"color:#1e73be\" class=\"has-inline-color\">7 \u2013 D\u00e9placements de secours<\/span><\/a><\/h5>\n\n\n\n<h5 class=\"wp-block-heading\"><a href=\"https:\/\/www.sauvetage.kayakalo.fr\/index.php\/8-hypothermie-prevention\/\"><span style=\"color:#1e73be\" class=\"has-inline-color\">8 \u2013 Hypothermie pr\u00e9vention (r\u00e9cup\u00e9ration en eau froide)<\/span><\/a> <\/h5>\n\n\n\n<h5 class=\"wp-block-heading\"><a href=\"https:\/\/www.sauvetage.kayakalo.fr\/index.php\/9-hypothermie-legere\/\"><span style=\"color:#1e73be\" class=\"has-inline-color\">9 \u2013 Hypothermie l\u00e9g\u00e8re<\/span><\/a><\/h5>\n\n\n\n<h5 class=\"wp-block-heading\"><a href=\"https:\/\/www.sauvetage.kayakalo.fr\/index.php\/hypothermie-avancee\/\"><span style=\"color:#1e73be\" class=\"has-inline-color\">10 \u2013 Hypothermie avanc\u00e9e<\/span><\/a><\/h5>\n\n\n\n<h5 class=\"wp-block-heading\"><a href=\"https:\/\/www.sauvetage.kayakalo.fr\/index.php\/hypothermie-profonde\/\"><span style=\"color:#1e73be\" class=\"has-inline-color\">11 \u2013 Hypothermie profonde<\/span><\/a><\/h5>\n\n\n\n<h5 class=\"wp-block-heading\"><a href=\"https:\/\/www.sauvetage.kayakalo.fr\/index.php\/evacuation-dune-zone-dangereuse\/\"><span style=\"color:#1e73be\" class=\"has-inline-color\">12a \u2013 Evacuation d&rsquo;une zone dangereuse<\/span><\/a><\/h5>\n\n\n\n<h5 class=\"wp-block-heading\"><a href=\"https:\/\/www.sauvetage.kayakalo.fr\/index.php\/embarquement-debarquement-difficiles\/\"><span style=\"color:#1e73be\" class=\"has-inline-color\">12b &#8211; Embarquement d\u00e9barquement difficiles<\/span><\/a><\/h5>\n\n\n\n<h5 class=\"wp-block-heading\"><a href=\"https:\/\/www.sauvetage.kayakalo.fr\/index.php\/13-exercices-snsm-kayakistes\/\"><span style=\"color:#1e73be\" class=\"has-inline-color\">13 \u2013 Exercices SNSM-kayakistes<\/span><\/a><\/h5>\n\n\n\n<h5 class=\"wp-block-heading\"><a href=\"https:\/\/www.sauvetage.kayakalo.fr\/index.php\/14-courants\/\"><span style=\"color:#1e73be\" class=\"has-inline-color\">14 &#8211; Courants<\/span><\/a><\/h5>\n\n\n\n<h5 class=\"wp-block-heading\"><a href=\"https:\/\/www.sauvetage.kayakalo.fr\/index.php\/15-depart-et-arrivee-de-plage-appuis-surf\/\"><span style=\"color:#1e73be\" class=\"has-inline-color\">15 &#8211; D\u00e9part et arriv\u00e9e de plage &#8211; Appuis -Surf<\/span><\/a><\/h5>\n\n\n\n<h5 class=\"wp-block-heading\"><a href=\"https:\/\/www.sauvetage.kayakalo.fr\/index.php\/14-habillement\/\"><span style=\"color:#1e73be\" class=\"has-inline-color\">16 &#8211; Habillement<\/span><\/a><\/h5>\n\n\n\n<h5 class=\"wp-block-heading\"><a href=\"https:\/\/www.sauvetage.kayakalo.fr\/index.php\/15-equipement-rando\/\"><span style=\"color:#1e73be\" class=\"has-inline-color\">17 &#8211; Equipement rando<\/span><\/a><\/h5>\n\n\n\n<h5 class=\"wp-block-heading\"><a href=\"https:\/\/www.sauvetage.kayakalo.fr\/index.php\/jeux-dequilibre\/\"><span style=\"color:#1e73be\" class=\"has-inline-color\">18 \u2013 Jeux d&rsquo;\u00e9quilibre et d&rsquo;aisance sur l&rsquo;eau<\/span><\/a><\/h5>\n\n\n\n<h5 class=\"wp-block-heading\"><a href=\"https:\/\/www.sauvetage.kayakalo.fr\/index.php\/reparation-dun-kayak-en-navigation\/\"><span style=\"color:#1e73be\" class=\"has-inline-color\">20 \u2013 R\u00e9paration d&rsquo;un kayak en navigation<\/span><span style=\"color:#575757\" class=\"has-inline-color\"><\/span><\/a><\/h5>\n\n\n\n<h5 class=\"wp-block-heading\"><a href=\"https:\/\/www.sauvetage.kayakalo.fr\/index.php\/21-entrainement-gestion-incidents-et-accidents-en-kayak-de-mer\/\"><span style=\"color:#1e73be\" class=\"has-inline-color\">21 &#8211; Entra\u00eenement<strong> <\/strong>gestion incidents et accidents en kayak de mer<\/span><\/a><\/h5>\n\n\n\n<h5 class=\"wp-block-heading\"><a href=\"https:\/\/www.sauvetage.kayakalo.fr\/index.php\/19-pagaie-et-kayak-traditionnels\/\"><span style=\"color:#1e73be\" class=\"has-inline-color\">22 \u2013 Pagaie et kayak traditionnels<\/span><\/a><\/h5>\n\n\n\n<h5 class=\"wp-block-heading\" id=\"block-a254716c-7e61-4af5-91f4-cd8621e9eaa1\"><a href=\"https:\/\/www.sauvetage.kayakalo.fr\/index.php\/18-materiel\/\"><span style=\"color:#1e73be\" class=\"has-inline-color\">23 &#8211; Mat\u00e9riel &#8211; documents \u00e9crits<\/span><\/a><\/h5>\n\n\n\n<h5 class=\"wp-block-heading\" id=\"block-a254716c-7e61-4af5-91f4-cd8621e9eaa1\"><a href=\"https:\/\/www.sauvetage.kayakalo.fr\/index.php\/pharmacie-et-secourisme\/\"><span style=\"color:#1e73be\" class=\"has-inline-color\">24 &#8211; Pharmacie et secourisme<\/span><\/a><\/h5>\n\n\n\n<h5 class=\"wp-block-heading\"><a href=\"https:\/\/www.sauvetage.kayakalo.fr\/index.php\/15-3-reportages-sur-la-randonnee-en-kayak-de-mer\/\"><span style=\"color:#1e73be\" class=\"has-inline-color\">25 &#8211; Reportages<\/span><\/a><\/h5>\n\n\n\n<h5 class=\"wp-block-heading\"><a href=\"https:\/\/www.sauvetage.kayakalo.fr\/index.php\/asqajaq-les-collegiens-esquimautent\/\"><span style=\"color:#1e73be\" class=\"has-inline-color\">26 &#8211; Asqajaq &#8211; les coll\u00e9giens esquimautent<\/span><\/a><\/h5>\n\n\n\n<h5 class=\"wp-block-heading\"><a href=\"https:\/\/www.sauvetage.kayakalo.fr\/index.php\/27-tidemap-animation-ludique\/\"><mark style=\"background-color:rgba(0, 0, 0, 0);color:#1e73be\" class=\"has-inline-color\">27 \u2013 TideMap animation ludique<\/mark><\/a><\/h5>\n\n\n\n<h5 class=\"wp-block-heading\"><a href=\"https:\/\/www.sauvetage.kayakalo.fr\/index.php\/28-kayak-et-humour\/\"><mark style=\"background-color:rgba(0, 0, 0, 0);color:#1e73be\" class=\"has-inline-color\">28 &#8211; Kayak et humour<\/mark><\/a><\/h5>\n","protected":false},"excerpt":{"rendered":"<p>Documentaire \u00ab Cap Horn en kayak de mer &#8211; Hiver 95\/96 \u2026 30 ans apr\u00e8s \u00bb (1h11&prime;) : Cin\u00e9ma Le S\u00e9vign\u00e9, 43 rue du Muguet 35510 CESSON S\u00e9vign\u00e9 ( https:\/\/www.cinesevigne.fr\/ ). Jeudi 14 mai (Ascension) \u00e0 20h30. PLUS D&rsquo;INFOS. A &hellip; <a href=\"https:\/\/www.sauvetage.kayakalo.fr\/\">Lire la suite\u00ad\u00ad<\/a><\/p>\n","protected":false},"author":3,"featured_media":7,"parent":0,"menu_order":0,"comment_status":"closed","ping_status":"closed","template":"","meta":{"_kadence_starter_templates_imported_post":false,"footnotes":""},"class_list":["post-8","page","type-page","status-publish","has-post-thumbnail","hentry"],"_links":{"self":[{"href":"https:\/\/www.sauvetage.kayakalo.fr\/index.php\/wp-json\/wp\/v2\/pages\/8","targetHints":{"allow":["GET"]}}],"collection":[{"href":"https:\/\/www.sauvetage.kayakalo.fr\/index.php\/wp-json\/wp\/v2\/pages"}],"about":[{"href":"https:\/\/www.sauvetage.kayakalo.fr\/index.php\/wp-json\/wp\/v2\/types\/page"}],"author":[{"embeddable":true,"href":"https:\/\/www.sauvetage.kayakalo.fr\/index.php\/wp-json\/wp\/v2\/users\/3"}],"replies":[{"embeddable":true,"href":"https:\/\/www.sauvetage.kayakalo.fr\/index.php\/wp-json\/wp\/v2\/comments?post=8"}],"version-history":[{"count":422,"href":"https:\/\/www.sauvetage.kayakalo.fr\/index.php\/wp-json\/wp\/v2\/pages\/8\/revisions"}],"predecessor-version":[{"id":3480,"href":"https:\/\/www.sauvetage.kayakalo.fr\/index.php\/wp-json\/wp\/v2\/pages\/8\/revisions\/3480"}],"wp:featuredmedia":[{"embeddable":true,"href":"https:\/\/www.sauvetage.kayakalo.fr\/index.php\/wp-json\/wp\/v2\/media\/7"}],"wp:attachment":[{"href":"https:\/\/www.sauvetage.kayakalo.fr\/index.php\/wp-json\/wp\/v2\/media?parent=8"}],"curies":[{"name":"wp","href":"https:\/\/api.w.org\/{rel}","templated":true}]}}