{"id":3193,"date":"2024-07-09T13:34:17","date_gmt":"2024-07-09T11:34:17","guid":{"rendered":"https:\/\/www.sauvetage.kayakalo.fr\/?page_id=3193"},"modified":"2025-05-27T15:59:25","modified_gmt":"2025-05-27T13:59:25","slug":"27-tidemap-animation-ludique","status":"publish","type":"page","link":"https:\/\/www.sauvetage.kayakalo.fr\/index.php\/27-tidemap-animation-ludique\/","title":{"rendered":"27 &#8211; TideMap animation ludique"},"content":{"rendered":"\n<h5 class=\"wp-block-heading\"><mark style=\"background-color:rgba(0, 0, 0, 0)\" class=\"has-inline-color has-black-color\">TideMap<\/mark> <a href=\"https:\/\/tidemap.fr\"><mark style=\"background-color:rgba(0, 0, 0, 0);color:#1e73be\" class=\"has-inline-color\">https:\/\/tidemap.fr<\/mark><\/a> <mark style=\"background-color:rgba(0, 0, 0, 0)\" class=\"has-inline-color has-black-color\">: une animation qui ne remplace pas les cartes marines mais qui permet de visualiser de fa\u00e7on ludique les hauteurs d&rsquo;eau, et donc les zones qui ass\u00e8chent, ou d\u00e9couvrent, \u00e0 certaines heures de mar\u00e9e &#8211; ou au contraire, les passages possibles &#8211; : entre le continent et certaines \u00eeles, \u00eelots, rochers,&#8230; ; dans les secteurs ostr\u00e9icoles,&#8230;<\/mark><\/h5>\n\n\n\n<h5 class=\"wp-block-heading\"><mark style=\"background-color:rgba(0, 0, 0, 0)\" class=\"has-inline-color has-black-color\">TideMap : est une animation ludique (payante) pour visualiser les mar\u00e9es, de Patrick Dubois, architecte naval.<br>En promenant sa souris sur la carte, on obtient instantan\u00e9ment la hauteur d\u2019eau disponible.<br>La nouvelle version de TideMap est en ligne depuis le 18 mai 2025.<br>Pour tenir compte des tarifs du SHOM l&rsquo;abonnement valable pour une ann\u00e9e calendaire est port\u00e9 \u00e0 30 Euros \u00e0 partir de cette date.<br>Cet abonnement donne acc\u00e8s \u00e0 toutes les cartes du littoral breton \u00e9dit\u00e9es \u00e0 ce jour.<\/mark><br><br><mark style=\"background-color:rgba(0, 0, 0, 0)\" class=\"has-inline-color has-black-color\">TideMap est partenaire de \u00ab\u00a0kayakalo.fr\u00a0\u00bb<\/mark><br><a href=\"https:\/\/www.kayakalo.fr\/\"><mark style=\"background-color:rgba(0, 0, 0, 0);color:#1e73be\" class=\"has-inline-color\">https:\/\/www.kayakalo.fr\/<\/mark><\/a><\/h5>\n\n\n\n<h5 class=\"wp-block-heading\"><mark style=\"background-color:rgba(0, 0, 0, 0)\" class=\"has-inline-color has-black-color\">Voici la d\u00e9marche \u00e0 suivre pour vous abonner ou vous r\u00e9abonner \u00e0 Tidemap et pour utiliser au mieux cette animation unique qui est toujours la seule aujourd&rsquo;hui \u00e0 fournir des renseignements pr\u00e9cis sur le relief de l&rsquo;estran breton.<br><br>1* Taper \u00ab\u00a0Tidemap\u00a0\u00bb sur Google.<br><br>2* Cliquer sur l&rsquo;une des entr\u00e9es puis sur l&rsquo;une des treize cartes de la page d&rsquo;accueil.<br><br>3* Cliquer sur OK en bas du \u00ab\u00a0disclaimer\u00a0\u00bb.<br><br>4* Cliquer sur la t\u00eate d&rsquo;homme qui apparait en haut et \u00e0 droite de l&rsquo;\u00e9cran pour acc\u00e9der au menu d&rsquo;inscription, d&rsquo;abonnement et d&rsquo;utilisation de l&rsquo;animation.<br><br>5* Suivre la proc\u00e9dure indiqu\u00e9e pour vous inscrire avec une adresse mail et un mot de passe qu&rsquo;il est pr\u00e9f\u00e9rable de noter pour ne pas avoir \u00e0 le changer ensuite en cas d&rsquo;oubli.<br><br>6* Suivre la proc\u00e9dure enti\u00e8rement s\u00e9curis\u00e9e par CITELIS pour vous abonner ou vous r\u00e9abonner. Vous recevrez imm\u00e9diatement une demande de confirmation de votre r\u00e8glement.<br><br>7* Cliquer alors sur les \u00ab\u00a0trois barres\u00a0\u00bb qui apparaissent en haut et \u00e0 gauche de l&rsquo;\u00e9cran pour acc\u00e9der au menu utilisateur.<br><br>8* Cliquer sur le \u00ab\u00a0?\u00a0\u00bb dans ce menu pour acc\u00e9der au manuel d&rsquo;utilisation de l&rsquo;animation. Une vid\u00e9o et un tutoriel vous permettront de vous familiariser avec les diff\u00e9rentes fonctions de \u00ab\u00a0Tidemap\u00a0\u00bb.<br><br>9* Les principales fonctions sont les suivantes :<\/mark><\/h5>\n\n\n\n<h5 class=\"wp-block-heading\"><mark style=\"background-color:rgba(0, 0, 0, 0)\" class=\"has-inline-color has-black-color\">Zoom avec + &#8211;<\/mark><\/h5>\n\n\n\n<h5 class=\"wp-block-heading\"><mark style=\"background-color:rgba(0, 0, 0, 0)\" class=\"has-inline-color has-black-color\">Choix de la fen\u00eatre de visualisation en d\u00e9pla\u00e7ant le curseur sur l&rsquo;\u00e9cran.<\/mark><\/h5>\n\n\n\n<h5 class=\"wp-block-heading\"><mark style=\"background-color:rgba(0, 0, 0, 0)\" class=\"has-inline-color has-black-color\">Choix de l&rsquo;heure de la visualisation en d\u00e9pla\u00e7ant le curseur le long du mar\u00e9gramme du jour. En cliquant sur \u00ab\u00a0auto\u00a0\u00bb le mar\u00e9gramme revient en mode \u00ab\u00a0temps r\u00e9el\u00a0\u00bb.<\/mark><\/h5>\n\n\n\n<h5 class=\"wp-block-heading\"><mark style=\"background-color:rgba(0, 0, 0, 0)\" class=\"has-inline-color has-black-color\">S\u00e9lection du mar\u00e9gramme animant la carte consult\u00e9e parmi les mar\u00e9grammes voisins du littoral. En mode automatique l&rsquo;animation s\u00e9lectionne le mar\u00e9gramme le plus proche de la position du pointeur.<\/mark><\/h5>\n\n\n\n<h5 class=\"wp-block-heading\"><mark style=\"background-color:rgba(0, 0, 0, 0)\" class=\"has-inline-color has-black-color\">Calendrier permettant de consulter \u00e0 l&rsquo;avance les mar\u00e9grammes de l&rsquo;ann\u00e9e calendaire en cours. En cliquant sur \u00ab\u00a0auto\u00a0\u00bb le mar\u00e9gramme revient au mode temps r\u00e9el.<\/mark><\/h5>\n\n\n\n<h5 class=\"wp-block-heading\"><mark style=\"background-color:rgba(0, 0, 0, 0)\" class=\"has-inline-color has-black-color\">Palette de couleurs permettant de choisir la couleur d&rsquo;affichage de l&rsquo;\u00e9cran ou de faire apparaitre en rouge le \u00ab\u00a0pied de pilote\u00a0\u00bb retenu.<\/mark><\/h5>\n\n\n\n<h5 class=\"wp-block-heading\"><mark style=\"background-color:rgba(0, 0, 0, 0)\" class=\"has-inline-color has-black-color\">M\u00e9morisation directe des \u00ab\u00a0lieux favoris\u00a0\u00bb avec le bonne fen\u00eatre et le bon zoom.<\/mark><\/h5>\n\n\n\n<h5 class=\"wp-block-heading\"><mark style=\"background-color:rgba(0, 0, 0, 0)\" class=\"has-inline-color has-black-color\">Changement de carte pour acc\u00e9der \u00e0 l&rsquo;une des autres cartes.<\/mark><\/h5>\n\n\n\n<p><strong><mark style=\"background-color:rgba(0, 0, 0, 0)\" class=\"has-inline-color has-black-color\">La carte sp\u00e9cifique du Golfe du Morbihan permet de s\u00e9lectionner directement le mar\u00e9gramme retenu pour animer la carte ou de choisir le mode \u00ab\u00a0interpolation des mar\u00e9grammes \u00a0\u00bb pour que cette s\u00e9lection se fasse automatiquement en fonction de la position du pointeur sur la carte. Il en est de m\u00eame pour la carte de la ria d&rsquo;Etel.<\/mark><\/strong><\/p>\n","protected":false},"excerpt":{"rendered":"<p>TideMap https:\/\/tidemap.fr : une animation qui ne remplace pas les cartes marines mais qui permet de visualiser de fa\u00e7on ludique les hauteurs d&rsquo;eau, et donc les zones qui ass\u00e8chent, ou d\u00e9couvrent, \u00e0 certaines heures de mar\u00e9e &#8211; ou au contraire, &hellip; <a href=\"https:\/\/www.sauvetage.kayakalo.fr\/index.php\/27-tidemap-animation-ludique\/\">Lire la suite\u00ad\u00ad<\/a><\/p>\n","protected":false},"author":3,"featured_media":0,"parent":0,"menu_order":0,"comment_status":"closed","ping_status":"closed","template":"","meta":{"_kadence_starter_templates_imported_post":false,"footnotes":""},"class_list":["post-3193","page","type-page","status-publish","hentry"],"_links":{"self":[{"href":"https:\/\/www.sauvetage.kayakalo.fr\/index.php\/wp-json\/wp\/v2\/pages\/3193","targetHints":{"allow":["GET"]}}],"collection":[{"href":"https:\/\/www.sauvetage.kayakalo.fr\/index.php\/wp-json\/wp\/v2\/pages"}],"about":[{"href":"https:\/\/www.sauvetage.kayakalo.fr\/index.php\/wp-json\/wp\/v2\/types\/page"}],"author":[{"embeddable":true,"href":"https:\/\/www.sauvetage.kayakalo.fr\/index.php\/wp-json\/wp\/v2\/users\/3"}],"replies":[{"embeddable":true,"href":"https:\/\/www.sauvetage.kayakalo.fr\/index.php\/wp-json\/wp\/v2\/comments?post=3193"}],"version-history":[{"count":29,"href":"https:\/\/www.sauvetage.kayakalo.fr\/index.php\/wp-json\/wp\/v2\/pages\/3193\/revisions"}],"predecessor-version":[{"id":3423,"href":"https:\/\/www.sauvetage.kayakalo.fr\/index.php\/wp-json\/wp\/v2\/pages\/3193\/revisions\/3423"}],"wp:attachment":[{"href":"https:\/\/www.sauvetage.kayakalo.fr\/index.php\/wp-json\/wp\/v2\/media?parent=3193"}],"curies":[{"name":"wp","href":"https:\/\/api.w.org\/{rel}","templated":true}]}}