{"id":2570,"date":"2022-03-26T14:06:01","date_gmt":"2022-03-26T13:06:01","guid":{"rendered":"https:\/\/www.sauvetage.kayakalo.fr\/?page_id=2570"},"modified":"2022-03-26T17:41:32","modified_gmt":"2022-03-26T16:41:32","slug":"remorquage-premiere-lecon","status":"publish","type":"page","link":"https:\/\/www.sauvetage.kayakalo.fr\/index.php\/remorquage-premiere-lecon\/","title":{"rendered":"Remorquage premi\u00e8re le\u00e7on"},"content":{"rendered":"\n<div class=\"wp-block-columns is-layout-flex wp-container-core-columns-is-layout-9d6595d7 wp-block-columns-is-layout-flex\">\n<div class=\"wp-block-column is-layout-flow wp-block-column-is-layout-flow\">\n<p><strong>R\u00e9-orienter un kayakiste en d\u00e9rive<\/strong><\/p>\n\n\n\n<figure class=\"wp-block-video\"><video controls src=\"https:\/\/www.sauvetage.kayakalo.fr\/wp-content\/uploads\/2022\/03\/VA_03_reorienter-un-kayakiste-en-derive.mp4\"><\/video><figcaption>kayak de mer : r\u00e9-orienter un kayakiste en d\u00e9rive (sauvetage.kayakalo.fr)<\/figcaption><\/figure>\n\n\n\n<p> <strong>Caminokayak &#8211; Vincent Achard (stages et voyages en kayak de mer)<\/strong><br>Kerouriec, 56270 Ploemeur<br>06 63 04 56 47<br>contact]at[caminokayak.com<br><a href=\"https:\/\/www.caminokayak.com\/\"><span style=\"color:#1e73be\" class=\"has-inline-color\">https:\/\/www.caminokayak.com\/<\/span><\/a><br><br><strong>De retour du Cap Horn, interview de Vincent Achard<\/strong><br>De retour du Chili apr\u00e8s avoir franchit le Cap Horn en kayak de mer accompagn\u00e9 de 5 autres kayakistes, Vincent Achard, dirigeant de Caminokayak, r\u00e9pond aux questions du journaliste d\u2019I-TREKKINGS.<br><a href=\"https:\/\/www.caminokayak.com\/actualite\/interview-de-vincent-achard.html\"><span style=\"color:#1e73be\" class=\"has-inline-color\">https:\/\/www.caminokayak.com\/actualite\/interview-de-vincent-achard.html<\/span><\/a><strong><span style=\"color:#1e73be\" class=\"has-inline-color\"><br><\/span><\/strong><a href=\"https:\/\/www.i-trekkings.net\/articles-outdoor\/expedition-cap-horn-en-kayak-interview-de-vincent-achard\/\"><span style=\"color:#1e73be\" class=\"has-inline-color\">https:\/\/www.i-trekkings.net\/articles-outdoor\/expedition-cap-horn-en-kayak-interview-de-vincent-achard\/<\/span><\/a> <\/p>\n<\/div>\n\n\n\n<div class=\"wp-block-column is-layout-flow wp-block-column-is-layout-flow\">\n<p><strong>Avant remorquage &#8211; kayaks face \u00e0 face<\/strong><\/p>\n\n\n\n<figure class=\"wp-block-video\"><video controls src=\"https:\/\/www.sauvetage.kayakalo.fr\/wp-content\/uploads\/2022\/03\/VA_05_avant-remorquage-kayaks-face-a-face.mp4\"><\/video><figcaption>kayak de mer : avant remorquage &#8211; kayaks face \u00e0 face (sauvetage.kayakalo.fr)<\/figcaption><\/figure>\n<\/div>\n<\/div>\n","protected":false},"excerpt":{"rendered":"<p>R\u00e9-orienter un kayakiste en d\u00e9rive Caminokayak &#8211; Vincent Achard (stages et voyages en kayak de mer)Kerouriec, 56270 Ploemeur06 63 04 56 47contact]at[caminokayak.comhttps:\/\/www.caminokayak.com\/ De retour du Cap Horn, interview de Vincent AchardDe retour du Chili apr\u00e8s avoir franchit le Cap Horn &hellip; <a href=\"https:\/\/www.sauvetage.kayakalo.fr\/index.php\/remorquage-premiere-lecon\/\">Lire la suite\u00ad\u00ad<\/a><\/p>\n","protected":false},"author":3,"featured_media":0,"parent":0,"menu_order":0,"comment_status":"closed","ping_status":"closed","template":"","meta":{"_kadence_starter_templates_imported_post":false,"footnotes":""},"class_list":["post-2570","page","type-page","status-publish","hentry"],"_links":{"self":[{"href":"https:\/\/www.sauvetage.kayakalo.fr\/index.php\/wp-json\/wp\/v2\/pages\/2570","targetHints":{"allow":["GET"]}}],"collection":[{"href":"https:\/\/www.sauvetage.kayakalo.fr\/index.php\/wp-json\/wp\/v2\/pages"}],"about":[{"href":"https:\/\/www.sauvetage.kayakalo.fr\/index.php\/wp-json\/wp\/v2\/types\/page"}],"author":[{"embeddable":true,"href":"https:\/\/www.sauvetage.kayakalo.fr\/index.php\/wp-json\/wp\/v2\/users\/3"}],"replies":[{"embeddable":true,"href":"https:\/\/www.sauvetage.kayakalo.fr\/index.php\/wp-json\/wp\/v2\/comments?post=2570"}],"version-history":[{"count":2,"href":"https:\/\/www.sauvetage.kayakalo.fr\/index.php\/wp-json\/wp\/v2\/pages\/2570\/revisions"}],"predecessor-version":[{"id":2595,"href":"https:\/\/www.sauvetage.kayakalo.fr\/index.php\/wp-json\/wp\/v2\/pages\/2570\/revisions\/2595"}],"wp:attachment":[{"href":"https:\/\/www.sauvetage.kayakalo.fr\/index.php\/wp-json\/wp\/v2\/media?parent=2570"}],"curies":[{"name":"wp","href":"https:\/\/api.w.org\/{rel}","templated":true}]}}