{"id":160,"date":"2020-11-13T12:06:09","date_gmt":"2020-11-13T11:06:09","guid":{"rendered":"http:\/\/dev.kayakalo.fr\/?page_id=160"},"modified":"2024-11-26T22:02:30","modified_gmt":"2024-11-26T21:02:30","slug":"transport-dune-personne-par-2-kayakistes-pagayant","status":"publish","type":"page","link":"https:\/\/www.sauvetage.kayakalo.fr\/index.php\/transport-dune-personne-par-2-kayakistes-pagayant\/","title":{"rendered":"Transport d&rsquo;une personne par 2 kayakistes pagayant"},"content":{"rendered":"\n<div class=\"wp-block-columns is-layout-flex wp-container-core-columns-is-layout-9d6595d7 wp-block-columns-is-layout-flex\">\n<div class=\"wp-block-column is-layout-flow wp-block-column-is-layout-flow\">\n<h5 class=\"wp-block-heading\">Principe de transport d&rsquo;un secouru par 2 kayakistes pagayant<\/h5>\n\n\n\n<figure class=\"wp-block-video\"><video controls src=\"https:\/\/www.sauvetage.kayakalo.fr\/wp-content\/uploads\/2021\/05\/B_transport-naufrage-avec-2-kayakistes-pagayant.mp4\"><\/video><figcaption class=\"wp-element-caption\"><sub>Kayak de mer : principe de transport d&rsquo;un secouru par 2 kayakistes pagayant (sauvetage.kayakalo.fr)<\/sub> <\/figcaption><\/figure>\n\n\n\n<p>Chaque kayakiste attache la pointe de l&rsquo;autre kayak avec un petit bout  largable. Avec cette m\u00e9thode, on peut aussi transporter une personne isol\u00e9e par la mar\u00e9e sur un rocher ou un \u00eelot, une personne tomb\u00e9e \u00e0 l&rsquo;eau, &#8230;<\/p>\n\n\n\n<h5 class=\"wp-block-heading\">Radeau d\u00e9cal\u00e9 r\u00e9cup\u00e9ration avec g\u00eete<\/h5>\n\n\n\n<figure class=\"wp-block-video\"><video controls src=\"https:\/\/www.sauvetage.kayakalo.fr\/wp-content\/uploads\/2023\/05\/PO_12a_radeau-decale-avec-gite.mp4\"><\/video><figcaption class=\"wp-element-caption\">Kayak de mer : radeau d\u00e9cal\u00e9 r\u00e9cup avec g\u00eete (sauvetage.kayakalo.fr)<\/figcaption><\/figure>\n\n\n\n<h5 class=\"wp-block-heading\">Transport d&rsquo;une personne pi\u00e9g\u00e9e par la mar\u00e9e montante (sans mise en sc\u00e8ne)<\/h5>\n\n\n\n<figure class=\"wp-block-video\"><video controls src=\"https:\/\/www.sauvetage.kayakalo.fr\/wp-content\/uploads\/2024\/11\/transport-personne-piegee-par-la-maree-montante.mp4\"><\/video><\/figure>\n\n\n\n<p>Kayak de mer : transport d&rsquo;une personne pi\u00e9g\u00e9e par la mar\u00e9e montante (sauvetage.kayakalo.fr)<\/p>\n\n\n\n<h5 class=\"wp-block-heading\">Solidariser 2 kayaks<\/h5>\n\n\n\n<figure class=\"wp-block-video\"><video controls src=\"https:\/\/www.sauvetage.kayakalo.fr\/wp-content\/uploads\/2021\/06\/PB_solidariser-2-kayaks.mp4\"><\/video><figcaption class=\"wp-element-caption\"><sub>Kayak de mer : solidariser 2 kayaks (sauvetage.kayakalo.fr)<\/sub> <\/figcaption><\/figure>\n\n\n\n<p>A vous de choisir le syst\u00e8me qui vous convient. Certains syst\u00e8mes sont largables &#8211; sous tension (!) &#8211; d&rsquo;autres non.<\/p>\n<\/div>\n\n\n\n<div class=\"wp-block-column is-layout-flow wp-block-column-is-layout-flow\">\n<h5 class=\"wp-block-heading\">Transport d&rsquo;un secouru par 2 kayakistes pagayant<\/h5>\n\n\n\n<figure class=\"wp-block-video\"><video controls src=\"https:\/\/www.sauvetage.kayakalo.fr\/wp-content\/uploads\/2020\/12\/transport-dun-secouru-par-2-kayakistes-pagayant.mp4\"><\/video><figcaption class=\"wp-element-caption\"><sub>Kayak de mer : transport d&rsquo;un secouru par 2 kayakistes pagayant (sauvetage.kayakalo.fr)<\/sub> <\/figcaption><\/figure>\n\n\n\n<p>Transport d&rsquo;une personne par 2 kayakistes pagayant. De pr\u00e9f\u00e9rence, chaque kayakiste attache la pointe de l&rsquo;autre kayak avec un petit bout largable. Avec cette m\u00e9thode, on peut aussi transporter une personne isol\u00e9e par la mar\u00e9e sur un rocher ou un \u00eelot, une personne tomb\u00e9e \u00e0 l&rsquo;eau, &#8230;<\/p>\n\n\n\n<h5 class=\"wp-block-heading\">Transport d&rsquo;un secouru par 2 kayakistes pagayant en radeau d\u00e9cal\u00e9<\/h5>\n\n\n\n<figure class=\"wp-block-video\"><video controls src=\"https:\/\/www.sauvetage.kayakalo.fr\/wp-content\/uploads\/2021\/10\/S8_transport-secouru-2-kayakistes-pagayant-1.mp4\"><\/video><figcaption class=\"wp-element-caption\"><sub>Kayak de mer : transport d&rsquo;un secouru par 2 kayakistes pagayant en radeau d\u00e9cal\u00e9 (sauvetage.kayakalo.fr) <\/sub><\/figcaption><\/figure>\n\n\n\n<h5 class=\"wp-block-heading\">Noeud de Brigand largable sous tension <\/h5>\n\n\n\n<figure class=\"wp-block-video\"><video controls src=\"https:\/\/www.sauvetage.kayakalo.fr\/wp-content\/uploads\/2023\/05\/PO_12c_noeud-de-brigand-largable-du-tension.mp4\"><\/video><figcaption class=\"wp-element-caption\">Kayak de mer : noeud de Brigand largable sous tension (sauvetage.kayakalo.fr)<\/figcaption><\/figure>\n<\/div>\n<\/div>\n\n\n\n<p><\/p>\n","protected":false},"excerpt":{"rendered":"<p>Principe de transport d&rsquo;un secouru par 2 kayakistes pagayant Chaque kayakiste attache la pointe de l&rsquo;autre kayak avec un petit bout largable. Avec cette m\u00e9thode, on peut aussi transporter une personne isol\u00e9e par la mar\u00e9e sur un rocher ou un &hellip; <a href=\"https:\/\/www.sauvetage.kayakalo.fr\/index.php\/transport-dune-personne-par-2-kayakistes-pagayant\/\">Lire la suite\u00ad\u00ad<\/a><\/p>\n","protected":false},"author":3,"featured_media":0,"parent":0,"menu_order":0,"comment_status":"closed","ping_status":"closed","template":"","meta":{"_kadence_starter_templates_imported_post":false,"footnotes":""},"class_list":["post-160","page","type-page","status-publish","hentry"],"_links":{"self":[{"href":"https:\/\/www.sauvetage.kayakalo.fr\/index.php\/wp-json\/wp\/v2\/pages\/160","targetHints":{"allow":["GET"]}}],"collection":[{"href":"https:\/\/www.sauvetage.kayakalo.fr\/index.php\/wp-json\/wp\/v2\/pages"}],"about":[{"href":"https:\/\/www.sauvetage.kayakalo.fr\/index.php\/wp-json\/wp\/v2\/types\/page"}],"author":[{"embeddable":true,"href":"https:\/\/www.sauvetage.kayakalo.fr\/index.php\/wp-json\/wp\/v2\/users\/3"}],"replies":[{"embeddable":true,"href":"https:\/\/www.sauvetage.kayakalo.fr\/index.php\/wp-json\/wp\/v2\/comments?post=160"}],"version-history":[{"count":22,"href":"https:\/\/www.sauvetage.kayakalo.fr\/index.php\/wp-json\/wp\/v2\/pages\/160\/revisions"}],"predecessor-version":[{"id":3338,"href":"https:\/\/www.sauvetage.kayakalo.fr\/index.php\/wp-json\/wp\/v2\/pages\/160\/revisions\/3338"}],"wp:attachment":[{"href":"https:\/\/www.sauvetage.kayakalo.fr\/index.php\/wp-json\/wp\/v2\/media?parent=160"}],"curies":[{"name":"wp","href":"https:\/\/api.w.org\/{rel}","templated":true}]}}